{"id":32,"date":"2025-08-26T16:53:05","date_gmt":"2025-08-26T16:53:05","guid":{"rendered":"https:\/\/crecertehacemasfuerte.com\/store\/?post_type=product&#038;p=32"},"modified":"2025-08-26T17:27:03","modified_gmt":"2025-08-26T17:27:03","slug":"mente-prospera","status":"publish","type":"product","link":"https:\/\/crecertehacemasfuerte.com\/store\/producto\/mente-prospera\/","title":{"rendered":"Mente Pr\u00f3spera"},"content":{"rendered":"<p class=\"_mb-5\" role=\"paragraph\">\u00bfEst\u00e1s listo para transformar tu relaci\u00f3n con el dinero desde dentro hacia afuera? Con MENTE PR\u00d3SPERA \u2013 La Mente como Fuente de Abundancia, podr\u00e1s romper con tus creencias limitantes sobre el dinero, activar una mentalidad de abundancia real y sostenida, y construir fuentes de ingresos que trabajen por ti. Este eBook no es solo sobre finanzas, es una revoluci\u00f3n interna que te permitir\u00e1 emprender desde tu vocaci\u00f3n, vivir una expansi\u00f3n consciente y dise\u00f1ar h\u00e1bitos financieros que te potencien.<\/p>\n<p class=\"_mb-5\" role=\"paragraph\">Con 8 m\u00f3dulos completos, ejercicios pr\u00e1cticos y reprogramaciones mentales guiadas, tendr\u00e1s acceso inmediato y de por vida a herramientas que te ayudar\u00e1n a transformar tu mentalidad y no solo tus finanzas. Adem\u00e1s, recibir\u00e1s bonos especiales como un Ritual de Abundancia y una Plantilla de Negocio con Alma.<\/p>\n<p class=\"_mb-5\" role=\"paragraph\">Si est\u00e1s listo para dejar atr\u00e1s la escasez y elevar tu vida financiera, si quieres emprender desde tu prop\u00f3sito y vivir el dinero de manera espiritual, este eBook es para ti. No pierdas la oportunidad de aprender c\u00f3mo atraer la abundancia y mejorar tus finanzas personales con prop\u00f3sito. \u00a1\u00danete a la comunidad de MENTE PR\u00d3SPERA y comienza tu viaje hacia la riqueza verdadera!<\/p>\n","protected":false},"excerpt":{"rendered":"<p>MENTE PROSPERA, un recurso dise\u00f1ado para ayudarte a transformar tu enfoque financiero, mejorar tus habitos de consumo y activar la abundancia real.<\/p>\n","protected":false},"featured_media":33,"comment_status":"open","ping_status":"closed","template":"","meta":{"_et_pb_use_builder":"","_et_pb_old_content":"","_et_gb_content_width":""},"product_brand":[],"product_cat":[19],"product_tag":[24],"class_list":{"0":"post-32","1":"product","2":"type-product","3":"status-publish","4":"has-post-thumbnail","6":"product_cat-finanzas-personales","7":"product_tag-finanzas-personales","9":"first","10":"instock","11":"sale","12":"downloadable","13":"virtual","14":"purchasable","15":"product-type-simple"},"_links":{"self":[{"href":"https:\/\/crecertehacemasfuerte.com\/store\/wp-json\/wp\/v2\/product\/32","targetHints":{"allow":["GET"]}}],"collection":[{"href":"https:\/\/crecertehacemasfuerte.com\/store\/wp-json\/wp\/v2\/product"}],"about":[{"href":"https:\/\/crecertehacemasfuerte.com\/store\/wp-json\/wp\/v2\/types\/product"}],"replies":[{"embeddable":true,"href":"https:\/\/crecertehacemasfuerte.com\/store\/wp-json\/wp\/v2\/comments?post=32"}],"wp:featuredmedia":[{"embeddable":true,"href":"https:\/\/crecertehacemasfuerte.com\/store\/wp-json\/wp\/v2\/media\/33"}],"wp:attachment":[{"href":"https:\/\/crecertehacemasfuerte.com\/store\/wp-json\/wp\/v2\/media?parent=32"}],"wp:term":[{"taxonomy":"product_brand","embeddable":true,"href":"https:\/\/crecertehacemasfuerte.com\/store\/wp-json\/wp\/v2\/product_brand?post=32"},{"taxonomy":"product_cat","embeddable":true,"href":"https:\/\/crecertehacemasfuerte.com\/store\/wp-json\/wp\/v2\/product_cat?post=32"},{"taxonomy":"product_tag","embeddable":true,"href":"https:\/\/crecertehacemasfuerte.com\/store\/wp-json\/wp\/v2\/product_tag?post=32"}],"curies":[{"name":"wp","href":"https:\/\/api.w.org\/{rel}","templated":true}]}}